{"id":526,"date":"2016-06-19T19:02:52","date_gmt":"2016-06-19T18:02:52","guid":{"rendered":"http:\/\/www.mvo.fr\/?page_id=526"},"modified":"2025-10-26T11:29:37","modified_gmt":"2025-10-26T10:29:37","slug":"englishhome","status":"publish","type":"page","link":"https:\/\/www.mvo.fr\/?page_id=526","title":{"rendered":"EnglishHome"},"content":{"rendered":"<div id=\"pl-526\"  class=\"panel-layout\" ><div id=\"pg-526-0\"  class=\"panel-grid panel-has-style\" ><div class=\"siteorigin-panels-stretch panel-row-style panel-row-style-for-526-0\" style=\"color: #ffffff;background-image: url(https:\/\/www.mvo.fr\/wp-content\/uploads\/2015\/07\/fond-escalier.jpg);padding: 50px 0; \" data-stretch-type=\"full\" data-hascolor=\"hascolor\" data-hasbg=\"hasbg\" data-overlay=\"true\" ><div id=\"pgc-526-0-0\"  class=\"panel-grid-cell\" ><div id=\"panel-526-0-0-0\" class=\"so-panel widget widget_sydney_facts sydney_facts_widget panel-first-child panel-last-child\" data-index=\"0\" ><div style=\"text-align: left;\" data-title-color=\"#47425d\" data-headings-color=\"#443f3f\" data-title_alignment=\"center\" class=\"panel-widget-style panel-widget-style-for-526-0-0-0\" >\r\n\t\t<h3 class=\"widget-title\">MVO by the numbers<\/h3>\r\n\t\t<div class=\"facts-section clearfix style1\">\r\n\t\t\t\t\t\t<div class=\"col-md-3 col-sm-3 clearfix\">\r\n\t\t\t\t<div class=\"roll-counter\">\r\n\t\t\t\t\t<i class=\"far fa-industry\"><\/i>\r\n\t\t\t\t\t<div class=\"name-count\">Since<\/div>\r\n\t\t\t\t\t<div class=\"numb-count\" data-from=\"0\" data-to=\"1969\" data-speed=\"2000\" data-waypoint-active=\"yes\">1969<\/div>\r\n\t\t\t\t<\/div>\r\n\t\t\t<\/div>\r\n\t\t\t\t\t\t\t\t\t<div class=\"col-md-3 col-sm-3 clearfix\">\r\n\t\t\t\t<div class=\"roll-counter\">\r\n\t\t\t\t\t<i class=\"far fa-weight-hanging\"><\/i>\r\n\t\t\t\t\t<div class=\"name-count\">Lifting capacity (metric ton)<\/div>\r\n\t\t\t\t\t<div class=\"numb-count\" data-from=\"0\" data-to=\"51\" data-speed=\"2000\" data-waypoint-active=\"yes\">51<\/div>\r\n\t\t\t\t<\/div>\r\n\t\t\t<\/div>\r\n\t\t\t\t\t\t\t\t\t<div class=\"col-md-3 col-sm-3 clearfix\">\r\n\t\t\t\t<div class=\"roll-counter\">\r\n\t\t\t\t\t<i class=\"far fa-ruler\"><\/i>\r\n\t\t\t\t\t<div class=\"name-count\">Workshops (square meter)<\/div>\r\n\t\t\t\t\t<div class=\"numb-count\" data-from=\"0\" data-to=\"5200\" data-speed=\"2000\" data-waypoint-active=\"yes\">5200<\/div>\r\n\t\t\t\t<\/div>\r\n\t\t\t<\/div>\r\n\t\t\t\t\t\t\t\t\t<div class=\"col-md-3 col-sm-3 clearfix\">\r\n\t\t\t\t<div class=\"roll-counter\">\r\n\t\t\t\t\t<i class=\"far fa-chart-line\"><\/i>\r\n\t\t\t\t\t<div class=\"name-count\">Square meter treated a year<\/div>\r\n\t\t\t\t\t<div class=\"numb-count\" data-from=\"0\" data-to=\"110000\" data-speed=\"2000\" data-waypoint-active=\"yes\">110000<\/div>\r\n\t\t\t\t<\/div>\r\n\t\t\t<\/div>\r\n\t\t\t\t\t<\/div>\r\n\r\n\t<\/div><\/div><\/div><\/div><\/div><div id=\"pg-526-1\"  class=\"panel-grid panel-has-style\" ><div class=\"siteorigin-panels-stretch panel-row-style panel-row-style-for-526-1\" style=\"border-bottom: 1px solid #e0e0e0;padding: 100px 0; \" data-stretch-type=\"full\" data-overlay=\"true\" data-overlay-color=\"#000000\" ><div id=\"pgc-526-1-0\"  class=\"panel-grid-cell\" ><div id=\"panel-526-1-0-0\" class=\"so-panel widget widget_sydney_services_type_a sydney_services_widget panel-first-child panel-last-child\" data-index=\"1\" >\t\t\t<h3 class=\"widget-title\">Services<\/h3>\r\n\t\t\t\t<div class=\"services-a-section style1\">\r\n\t\t\t\t\t\t\t\t\t\t\t\t\t\t\t\t\t\t\t\t\t\t\t\t\t\t\t\t\t<div class=\"service col-md-4\">\r\n\t\t\t\t\t\t\t\t\t\t\t\t\t<div class=\"roll-icon-box\">\r\n\t\t                           \r\n\t\t\t\t\t\t\t\t\t<div class=\"icon\">\r\n\t\t\t\t\t\t\t\t\t\t\t\t\t\t\t\t\t\t\t\t\t<i class=\"fa-diamond\"><\/i>\t\t\t\t\t\t\t\t\t\t\t\t\t\t\t\t\t\t\t<\/div>\r\n\t\t\t\t\t\t\t\t\t\t\t\t\t\t\t\r\n\t\t\t\t\t\t\t\t<div class=\"content\">\r\n\t\t\t\t\t\t\t\t\t<h3>\r\n\t\t\t\t\t\t\t\t\t\t\t\t\t\t\t\t\t\t\t\t\tSandblasting\t\t\t\t\t\t\t\t\t\t\t\t\t\t\t\t\t\t\t<\/h3>\r\n\t\t\t\t\t\t\t\t\t\t\t\t\t\t\t\t\t\r\n\t\t\t\t\t\t\t\t\t\t<p>Prior to any treatment on a surface, you have to prepare it to eliminate dust, rust, oxide corrosion products. Sand blasting or grit steel blasting creates a roughness state helping the anti corrosion system to last<\/p>\n\t\t\t\t\t\t\t\t\t\t\t\t\t\t\t\t\t<\/div>\r\n\t\t\t\t\t\t\t<\/div>\r\n\t\t\t\t\t\t<\/div>\r\n\t\t\t\t\t\t\t\t\t\t\t\t\t\t\t\t\t\t\t\t\t\t\t\t\t\t\t\t\t<div class=\"service col-md-4\">\r\n\t\t\t\t\t\t\t\t\t\t\t\t\t<div class=\"roll-icon-box\">\r\n\t\t                           \r\n\t\t\t\t\t\t\t\t\t<div class=\"icon\">\r\n\t\t\t\t\t\t\t\t\t\t\t\t\t\t\t\t\t\t\t\t\t<a href=\"http:\/\/google.com\"><i class=\"fa-tint\"><\/i><\/a>\t\t\t\t\t\t\t\t\t\t\t\t\t\t\t\t\t\t\t<\/div>\r\n\t\t\t\t\t\t\t\t\t\t\t\t\t\t\t\r\n\t\t\t\t\t\t\t\t<div class=\"content\">\r\n\t\t\t\t\t\t\t\t\t<h3>\r\n\t\t\t\t\t\t\t\t\t\t\t\t\t\t\t\t\t\t\t\t\t<a href=\"http:\/\/google.com\">Coating<\/a>\r\n\t\t\t\t\t\t\t\t\t\t\t\t\t\t\t\t\t\t\t<\/h3>\r\n\t\t\t\t\t\t\t\t\t\t\t\t\t\t\t\t\t\r\n\t\t\t\t\t\t\t\t\t\t<p>Your materials deserve the protection that fit their needs so we apply a large variety of coatings from the best manufacturers<\/p>\n\t\t\t\t\t\t\t\t\t\t\t\t\t\t\t\t\t<\/div>\r\n\t\t\t\t\t\t\t<\/div>\r\n\t\t\t\t\t\t<\/div>\r\n\t\t\t\t\t\t\t\t\t\t\t\t\t\t\t\t\t\t\t\t\t\t\t\t\t\t\t\t\t<div class=\"service col-md-4\">\r\n\t\t\t\t\t\t\t\t\t\t\t\t\t<div class=\"roll-icon-box\">\r\n\t\t                           \r\n\t\t\t\t\t\t\t\t\t<div class=\"icon\">\r\n\t\t\t\t\t\t\t\t\t\t\t\t\t\t\t\t\t\t\t\t\t<i class=\"fa-fire\"><\/i>\t\t\t\t\t\t\t\t\t\t\t\t\t\t\t\t\t\t\t<\/div>\r\n\t\t\t\t\t\t\t\t\t\t\t\t\t\t\t\r\n\t\t\t\t\t\t\t\t<div class=\"content\">\r\n\t\t\t\t\t\t\t\t\t<h3>\r\n\t\t\t\t\t\t\t\t\t\t\t\t\t\t\t\t\t\t\t\t\tSpecial coatings\t\t\t\t\t\t\t\t\t\t\t\t\t\t\t\t\t\t\t<\/h3>\r\n\t\t\t\t\t\t\t\t\t\t\t\t\t\t\t\t\t\r\n\t\t\t\t\t\t\t\t\t\t<p>Our large scale of special coatings cover your needs : zinc based, high temperatures, foodstuffs or intumescent we have the solution<\/p>\n\t\t\t\t\t\t\t\t\t\t\t\t\t\t\t\t\t<\/div>\r\n\t\t\t\t\t\t\t<\/div>\r\n\t\t\t\t\t\t<\/div>\r\n\t\t\t\t\t\r\n\t\t\t\t\t\t\r\n\t\t\t<\/div>\t\t\r\n\t<\/div><\/div><\/div><\/div><div id=\"pg-526-2\"  class=\"panel-grid panel-has-style\" ><div class=\"siteorigin-panels-stretch panel-row-style panel-row-style-for-526-2\" style=\"border-bottom: 1px solid #e0e0e0;padding: 100px 0; \" data-stretch-type=\"full\" data-overlay=\"true\" ><div id=\"pgc-526-2-0\"  class=\"panel-grid-cell\" ><div id=\"panel-526-2-0-0\" class=\"so-panel widget widget_sydney_services_type_b sydney_services_b_widget panel-first-child panel-last-child\" data-index=\"2\" >\t\t\t<h3 class=\"widget-title\">And more<\/h3>\r\n\t\t\t\t<div class=\"roll-icon-list hasborder\">\r\n\t\t\t\t\t\t\t\t\t\t\t\t\t\t\t\t\t\t\t\t\t\t\t<div class=\"service clearfix \">\r\n\t\t\t\t\t\t\t<div class=\"list-item\">\r\n\t\t                           \r\n\t\t\t\t\t\t\t\t\t<div class=\"icon\">\r\n\t\t\t\t\t\t\t\t\t\t\t\t\t\t\t\t\t\t\t\t\t<i class=\"fa-info\"><\/i>\t\t\t\t\t\t\t\t\t\t\t\t\t\t\t\t\t\t\t<\/div>\r\n\t\t\t\t\t\t\t\t\t\t\t\t\t\t\t\r\n\t\t\t\t\t\t\t\t<div class=\"content\">\r\n\t\t\t\t\t\t\t\t\t<h3>\r\n\t\t\t\t\t\t\t\t\t\t\t\t\t\t\t\t\t\t\t\t\tAnti corrosion expertise\t\t\t\t\t\t\t\t\t\t\t\t\t\t\t\t\t\t\t<\/h3>\r\n\t\t\t\t\t\t\t\t\t\t\t\t\t\t\t\t\t\r\n\t\t\t\t\t\t\t\t\t\t<p>Whatever your needs are, we will bring our expertise and our knowledge to find THE best solution to protecting your realizations<\/p>\n\t\t\t\t\t\t\t\t\t\t\t\t\t\t\t\t\t<\/div>\r\n\t\t\t\t\t\t\t<\/div>\r\n\t\t\t\t\t\t<\/div>\r\n\t\t\t\t\t\t\t\t\t\t\t\t\t\t\t\t\t\t\t\t\t\t\t<div class=\"service clearfix \">\r\n\t\t\t\t\t\t\t<div class=\"list-item\">\r\n\t\t                           \r\n\t\t\t\t\t\t\t\t\t<div class=\"icon\">\r\n\t\t\t\t\t\t\t\t\t\t\t\t\t\t\t\t\t\t\t\t\t<i class=\"fa-globe\"><\/i>\t\t\t\t\t\t\t\t\t\t\t\t\t\t\t\t\t\t\t<\/div>\r\n\t\t\t\t\t\t\t\t\t\t\t\t\t\t\t\r\n\t\t\t\t\t\t\t\t<div class=\"content\">\r\n\t\t\t\t\t\t\t\t\t<h3>\r\n\t\t\t\t\t\t\t\t\t\t\t\t\t\t\t\t\t\t\t\t\tExport\t\t\t\t\t\t\t\t\t\t\t\t\t\t\t\t\t\t\t<\/h3>\r\n\t\t\t\t\t\t\t\t\t\t\t\t\t\t\t\t\t\r\n\t\t\t\t\t\t\t\t\t\t<p>Save time and ship your coated realizations right from our workshops using sea transport. Our trained shipping team will packs significant irons on burden maintained by U irons and threaded rods, full boxes for small parts and fasteners, seaworthy packaging for fragile items and drafting packing lists<\/p>\n\t\t\t\t\t\t\t\t\t\t\t\t\t\t\t\t\t<\/div>\r\n\t\t\t\t\t\t\t<\/div>\r\n\t\t\t\t\t\t<\/div>\r\n\t\t\t\t\t\t\t\t\t\t\t\t\t\t\t\t\t\t\t\t\t\t\t<div class=\"service clearfix \">\r\n\t\t\t\t\t\t\t<div class=\"list-item\">\r\n\t\t                           \r\n\t\t\t\t\t\t\t\t\t<div class=\"icon\">\r\n\t\t\t\t\t\t\t\t\t\t\t\t\t\t\t\t\t\t\t\t\t<i class=\"fa-cubes\"><\/i>\t\t\t\t\t\t\t\t\t\t\t\t\t\t\t\t\t\t\t<\/div>\r\n\t\t\t\t\t\t\t\t\t\t\t\t\t\t\t\r\n\t\t\t\t\t\t\t\t<div class=\"content\">\r\n\t\t\t\t\t\t\t\t\t<h3>\r\n\t\t\t\t\t\t\t\t\t\t\t\t\t\t\t\t\t\t\t\t\tShipping\t\t\t\t\t\t\t\t\t\t\t\t\t\t\t\t\t\t\t<\/h3>\r\n\t\t\t\t\t\t\t\t\t\t\t\t\t\t\t\t\t\r\n\t\t\t\t\t\t\t\t\t\t<p>Once your order is realized, our shipping team packs it up in the state of the art to ensure a safe and relevant travel<\/p>\n\t\t\t\t\t\t\t\t\t\t\t\t\t\t\t\t\t<\/div>\r\n\t\t\t\t\t\t\t<\/div>\r\n\t\t\t\t\t\t<\/div>\r\n\t\t\t\t\t\t\t\t\t<\/div>\t\r\n\r\n\t\t\t\t\t\t\t\t\r\n\t<\/div><\/div><div id=\"pgc-526-2-1\"  class=\"panel-grid-cell\" ><div id=\"panel-526-2-1-0\" class=\"so-panel widget widget_sow-image panel-first-child panel-last-child\" data-index=\"3\" ><div\n\t\t\t\n\t\t\tclass=\"so-widget-sow-image so-widget-sow-image-default-6ec9e3772f75-496\"\n\t\t\t\n\t\t>\n<div class=\"sow-image-container\">\n\t\t<img \n\tsrc=\"https:\/\/www.mvo.fr\/wp-content\/uploads\/2015\/08\/cask.jpg\" width=\"320\" height=\"580\" srcset=\"https:\/\/www.mvo.fr\/wp-content\/uploads\/2015\/08\/cask.jpg 320w, https:\/\/www.mvo.fr\/wp-content\/uploads\/2015\/08\/cask-166x300.jpg 166w, https:\/\/www.mvo.fr\/wp-content\/uploads\/2015\/08\/cask-230x417.jpg 230w\" sizes=\"(max-width: 320px) 100vw, 320px\" alt=\"\" \t\tclass=\"so-widget-image\"\/>\n\t<\/div>\n\n<\/div><\/div><\/div><\/div><\/div><div id=\"pg-526-3\"  class=\"panel-grid panel-has-style\" ><div class=\"siteorigin-panels-stretch panel-row-style panel-row-style-for-526-3\" style=\"padding: 100px 0; \" data-stretch-type=\"full\" data-overlay=\"true\" data-overlay-color=\"#000000\" ><div id=\"pgc-526-3-0\"  class=\"panel-grid-cell\" ><div id=\"panel-526-3-0-0\" class=\"so-panel widget widget_sydney_latest_news_type_b sydney_latest_news_widget_b panel-first-child panel-last-child\" data-index=\"4\" ><div style=\"text-align: center;\" data-title-color=\"#443f3f\" data-headings-color=\"#443f3f\" data-title_alignment=\"center\" class=\"panel-widget-style panel-widget-style-for-526-3-0-0\" >\t\t\r\n\t\t<div class=\"latest-news-wrapper carousel owl-carousel row style1\">\r\n\t\t\t\t\t<div class=\"blog-post\">\r\n\t\t\t\t\t\t\t<div class=\"entry-thumb\">\r\n\t\t\t\t\t<a href=\"https:\/\/www.mvo.fr\/?p=1393\" title=\"Dans la presse\">\r\n\t\t\t\t\t\t<img loading=\"lazy\" decoding=\"async\" width=\"550\" height=\"400\" src=\"https:\/\/www.mvo.fr\/wp-content\/uploads\/2025\/10\/Ouest-France-2025-09-24-site-550x400.jpg\" class=\"attachment-medium-thumb size-medium-thumb wp-post-image\" alt=\"\" \/>\t\t\t\t\t<\/a>\t\t\t\r\n\t\t\t\t<\/div>\t\r\n\t\t\t\t\t\t\t\t\t\r\n\t\t\t<h4 class=\"entry-title\"><a href=\"https:\/\/www.mvo.fr\/?p=1393\" rel=\"bookmark\">Dans la presse<\/a><\/h4>\t\t\t\t<div class=\"entry-summary\">\r\n\t\t\t\t<p>Grandcamp-Maisy, localit\u00e9 normande situ\u00e9e \u00e0 quelques kilom\u00e8tres de nos ateliers, a accueilli son nouveau clapet de 22 tonnes en son port. Cet [&hellip;]<\/p>\n<\/div>\r\n\t\t\t<\/div>\r\n\t\t\t\t\t<div class=\"blog-post\">\r\n\t\t\t\t\t\t\t<div class=\"entry-thumb\">\r\n\t\t\t\t\t<a href=\"https:\/\/www.mvo.fr\/?p=709\" title=\"Painting Cabin #1 : an investment in the future\">\r\n\t\t\t\t\t\t<img loading=\"lazy\" decoding=\"async\" width=\"550\" height=\"400\" src=\"https:\/\/www.mvo.fr\/wp-content\/uploads\/2017\/05\/cabine3-550x400.jpg\" class=\"attachment-medium-thumb size-medium-thumb wp-post-image\" alt=\"\" \/>\t\t\t\t\t<\/a>\t\t\t\r\n\t\t\t\t<\/div>\t\r\n\t\t\t\t\t\t\t\t\t\r\n\t\t\t<h4 class=\"entry-title\"><a href=\"https:\/\/www.mvo.fr\/?p=709\" rel=\"bookmark\">Painting Cabin #1 : an investment in the future<\/a><\/h4>\t\t\t\t<div class=\"entry-summary\">\r\n\t\t\t\t<p>To celebrate its 40th anniversary, we unveiled late april 2017 our first spray painting cabin. Dedicated to this constant evolution of the [&hellip;]<\/p>\n<\/div>\r\n\t\t\t<\/div>\r\n\t\t\t\t\t<div class=\"blog-post\">\r\n\t\t\t\t\t\t\t<div class=\"entry-thumb\">\r\n\t\t\t\t\t<a href=\"https:\/\/www.mvo.fr\/?p=719\" title=\"Painting Cabin #2\">\r\n\t\t\t\t\t\t<img loading=\"lazy\" decoding=\"async\" width=\"550\" height=\"400\" src=\"https:\/\/www.mvo.fr\/wp-content\/uploads\/2017\/05\/cabine2-550x400.jpg\" class=\"attachment-medium-thumb size-medium-thumb wp-post-image\" alt=\"\" \/>\t\t\t\t\t<\/a>\t\t\t\r\n\t\t\t\t<\/div>\t\r\n\t\t\t\t\t\t\t\t\t\r\n\t\t\t<h4 class=\"entry-title\"><a href=\"https:\/\/www.mvo.fr\/?p=719\" rel=\"bookmark\">Painting Cabin #2<\/a><\/h4>\t\t\t\t<div class=\"entry-summary\">\r\n\t\t\t\t<p>In addition to the first cabin, we unveiled in May 2017 a second painting cabin of 6.5 meters long, 4 meters width [&hellip;]<\/p>\n<\/div>\r\n\t\t\t<\/div>\r\n\t\t\t\t<\/div>\r\n\r\n\t\t\t\t\t\t\t<a href=\"https:\/\/www.mvo.fr\/?page_id=10\" class=\"roll-button more-button\">See all our news<\/a>\r\n\t\t\t\t\r\n\t<\/div><\/div><\/div><\/div><\/div><div id=\"pg-526-4\"  class=\"panel-grid panel-has-style\" ><div class=\"siteorigin-panels-stretch panel-row-style panel-row-style-for-526-4\" style=\"border-bottom: 1px solid #e0e0e0;padding: 100px 0; \" data-stretch-type=\"full-width-stretch\" data-overlay=\"true\" ><div id=\"pgc-526-4-0\"  class=\"panel-grid-cell\" ><div id=\"panel-526-4-0-0\" class=\"so-panel widget widget_text panel-first-child panel-last-child\" data-index=\"5\" ><div style=\"text-align: left;\" data-title-color=\"#443f3f\" data-headings-color=\"#443f3f\" data-title_alignment=\"center\" class=\"panel-widget-style panel-widget-style-for-526-4-0-0\" ><h3 class=\"widget-title\">Our realizations<\/h3>\t\t\t<div class=\"textwidget\"><ul class=\"project-filter\" id=\"filters\"><li><a href=\"#\" data-filter=\"*\">All<\/a><\/li><li><a href='#' data-filter='.painting'>Painting<\/a><\/li>\n<\/ul><div class=\"roll-project fullwidth\"><div class=\"project-wrap\" id=\"isotope-container\" data-portfolio-effect=\"fadeInUp\"><div class=\"project-item item isotope-item painting \"><a class=\"project-pop\" href=\"https:\/\/www.mvo.fr\/?projects=filters\"><div class=\"project-pop\"><\/div><\/a><a href=\"https:\/\/www.mvo.fr\/?projects=filters\"><img loading=\"lazy\" decoding=\"async\" width=\"480\" height=\"320\" src=\"https:\/\/www.mvo.fr\/wp-content\/uploads\/2018\/03\/cuvesavantapres-480x320.jpg\" class=\"attachment-sydney-mas-thumb size-sydney-mas-thumb wp-post-image\" alt=\"\" srcset=\"https:\/\/www.mvo.fr\/wp-content\/uploads\/2018\/03\/cuvesavantapres-480x320.jpg 480w, https:\/\/www.mvo.fr\/wp-content\/uploads\/2018\/03\/cuvesavantapres-300x200.jpg 300w, https:\/\/www.mvo.fr\/wp-content\/uploads\/2018\/03\/cuvesavantapres-230x153.jpg 230w, https:\/\/www.mvo.fr\/wp-content\/uploads\/2018\/03\/cuvesavantapres-350x234.jpg 350w, https:\/\/www.mvo.fr\/wp-content\/uploads\/2018\/03\/cuvesavantapres-272x182.jpg 272w, https:\/\/www.mvo.fr\/wp-content\/uploads\/2018\/03\/cuvesavantapres.jpg 640w\" sizes=\"auto, (max-width: 480px) 100vw, 480px\" \/><\/a><\/div><div class=\"project-item item isotope-item painting \"><a class=\"project-pop\" href=\"https:\/\/www.mvo.fr\/?projects=bridge\"><div class=\"project-pop\"><\/div><\/a><a href=\"https:\/\/www.mvo.fr\/?projects=bridge\"><img loading=\"lazy\" decoding=\"async\" width=\"480\" height=\"320\" src=\"https:\/\/www.mvo.fr\/wp-content\/uploads\/2017\/01\/platform-480x320.jpg\" class=\"attachment-sydney-mas-thumb size-sydney-mas-thumb wp-post-image\" alt=\"\" srcset=\"https:\/\/www.mvo.fr\/wp-content\/uploads\/2017\/01\/platform-480x320.jpg 480w, https:\/\/www.mvo.fr\/wp-content\/uploads\/2017\/01\/platform-300x200.jpg 300w, https:\/\/www.mvo.fr\/wp-content\/uploads\/2017\/01\/platform-230x153.jpg 230w, https:\/\/www.mvo.fr\/wp-content\/uploads\/2017\/01\/platform-350x234.jpg 350w, https:\/\/www.mvo.fr\/wp-content\/uploads\/2017\/01\/platform-272x182.jpg 272w, https:\/\/www.mvo.fr\/wp-content\/uploads\/2017\/01\/platform.jpg 640w\" sizes=\"auto, (max-width: 480px) 100vw, 480px\" \/><\/a><\/div><\/div><\/div>\n<\/div>\n\t\t<\/div><\/div><\/div><\/div><\/div><div id=\"pg-526-5\"  class=\"panel-grid panel-has-style\" ><div class=\"siteorigin-panels-stretch panel-row-style panel-row-style-for-526-5\" style=\"background-image: url(https:\/\/www.mvo.fr\/wp-content\/uploads\/2015\/07\/fond-escalier.jpg);padding: 30px 0; \" data-stretch-type=\"full\" data-hasbg=\"hasbg\" data-overlay=\"true\" ><div id=\"pgc-526-5-0\"  class=\"panel-grid-cell\" ><div id=\"panel-526-5-0-0\" class=\"so-panel widget widget_sydney_action sydney_action_widget panel-first-child panel-last-child\" data-index=\"6\" >        <div class=\"roll-promobox aside-style\">\r\n\t\t\t<div class=\"promo-wrap\">\r\n\t\t\t\t\t\t\t\t<div class=\"promo-content\">\r\n\t\t\t\t\t<h3 class=\"title\">A question? Please call us at +33 231 723 900 or use the button<\/h3>\r\n\t\t\t\t<\/div>\r\n\t\t\t\t\t\t\t\t<div class=\"promo-controls\" style=\"text-align:center;\">\r\n\t\t\t\t\t<a href=\"mailto:contact@mvo.fr\" class=\"roll-button \">CONTACT US<\/a>\r\n\t\t\t\t<\/div>\r\n\t\t\t<\/div>\r\n        <\/div>\r\n\t<\/div><\/div><\/div><\/div><div id=\"pg-526-6\"  class=\"panel-grid panel-has-style\" ><div class=\"siteorigin-panels-stretch panel-row-style panel-row-style-for-526-6\" style=\"border-bottom: 1px solid #e0e0e0;padding: 100px 0; \" data-stretch-type=\"full\" data-overlay=\"true\" ><div id=\"pgc-526-6-0\"  class=\"panel-grid-cell\" ><div id=\"panel-526-6-0-0\" class=\"so-panel widget widget_text panel-first-child panel-last-child\" data-index=\"7\" ><div style=\"text-align: left;\" data-title-color=\"#47425d\" data-headings-color=\"#443f3f\" data-title_alignment=\"center\" class=\"panel-widget-style panel-widget-style-for-526-6-0-0\" ><h3 class=\"widget-title\">About us<\/h3>\t\t\t<div class=\"textwidget\"><p>Founded in 1969 at St R\u00e9my sur Orne, the M\u00e9tallisation du Val d&rsquo;Orne (MVO) moved in 1973 to its current location at Blainville sur Orne, close to the Caen-Ouistreham harbour, France&rsquo;s 10th port.<\/p>\n<p>During all these years we have acquired expertise and competences to offer state of the art application of a large variety coating solutions.<\/p>\n<p>In addition, we are a member of well known organizations providing painting system warranties.<\/p>\n<p>And last but not least, our close relationships with our clients, partners and suppliers give us the ability to offer the latest coating solutions with a workforce trained to these latest techniques.<\/p>\n<p>MVO<br \/>\nRue de la Mer<br \/>\nZ.I. Caen Canal<br \/>\n14550 BLAINVILLE SUR ORNE<br \/>\nFRANCE<br \/>\nT\u00e9l. : +33 (0)2 31 72 39 00<br \/>\n<a href=\"mailto:contact@mvo.fr\">E-mail us<\/a><\/p>\n<\/div>\n\t\t<\/div><\/div><\/div><div id=\"pgc-526-6-1\"  class=\"panel-grid-cell\" ><div id=\"panel-526-6-1-0\" class=\"widget_text so-panel widget widget_custom_html panel-first-child panel-last-child\" data-index=\"8\" ><div style=\"text-align: left;\" data-title-color=\"#47425d\" data-headings-color=\"#443f3f\" data-title_alignment=\"center\" class=\"widget_text panel-widget-style panel-widget-style-for-526-6-1-0\" ><div class=\"textwidget custom-html-widget\"><iframe loading=\"lazy\" src=\"https:\/\/www.google.com\/maps\/embed?pb=!1m18!1m12!1m3!1d2670.4820887819187!2d-0.2882000000000401!3d49.222890000000014!2m3!1f0!2f0!3f0!3m2!1i1024!2i768!4f13.1!3m3!1m2!1s0x0%3A0x0!2zNDnCsDEzJzIyLjQiTiAwwrAxNycxNy41Ilc!5e1!3m2!1sen!2sus!4v1436732789635\" width=\"600\" height=\"450\" frameborder=\"0\" style=\"border:0\" allowfullscreen><\/iframe><\/div><\/div><\/div><\/div><\/div><\/div><div id=\"pg-526-7\"  class=\"panel-grid panel-has-style\" ><div class=\"siteorigin-panels-stretch panel-row-style panel-row-style-for-526-7\" style=\"border-bottom: 1px solid #e0e0e0;padding: 100px 0; \" data-stretch-type=\"full\" data-overlay=\"true\" ><div id=\"pgc-526-7-0\"  class=\"panel-grid-cell\" ><div id=\"panel-526-7-0-0\" class=\"so-panel widget widget_sydney_clients sydney_clients_widget panel-first-child panel-last-child\" data-index=\"9\" >\r\n\r\n\t\t\t\t\t\t\t<div class=\"roll-client\">\r\n\t\t\t\t\t\t\t\t\t\t\t\t\t\t\t\t\t\t\t\t<div class=\"client-item\">\r\n\t\t\t\t\t\t\t\t\t\t\t\t\t\t\t<a target=\"_self\" href=\"https:\/\/www.filiere-peinture-anticorrosion.fr\/\"><img loading=\"lazy\" decoding=\"async\" width=\"200\" height=\"165\" src=\"https:\/\/www.mvo.fr\/wp-content\/uploads\/2023\/08\/logo_fpac-q3lpzt4wdglzw5zfi4ziuz5vpxtgbp8fv9r880ya9e.png\" class=\"attachment-post-thumbnail size-post-thumbnail wp-post-image\" alt=\"\" \/><\/a>\r\n\t\t\t\t\t\t\t\t\t\t\t\t\t<\/div>\r\n\t\t\t\t\t\t\t\t\t\t\t\t\t\t\t\t\t\t\t\t\t\t\t\t\t<div class=\"client-item\">\r\n\t\t\t\t\t\t\t\t\t\t\t\t\t\t\t<a target=\"_self\" href=\"https:\/\/www.gepi.fr\"><img loading=\"lazy\" decoding=\"async\" width=\"100\" height=\"80\" src=\"https:\/\/www.mvo.fr\/wp-content\/uploads\/2022\/11\/GEPI-1.jpg\" class=\"attachment-post-thumbnail size-post-thumbnail wp-post-image\" alt=\"\" \/><\/a>\r\n\t\t\t\t\t\t\t\t\t\t\t\t\t<\/div>\r\n\t\t\t\t\t\t\t\t\t\t\t\t\t\t\t\t\t\t\t\t\t\t\t\t\t<div class=\"client-item\">\r\n\t\t\t\t\t\t\t\t\t\t\t\t\t\t\t<a target=\"_self\" href=\"http:\/\/www.ohgpi.com\"><img loading=\"lazy\" decoding=\"async\" width=\"100\" height=\"85\" src=\"https:\/\/www.mvo.fr\/wp-content\/uploads\/2015\/07\/ohgpi.gif\" class=\"attachment-post-thumbnail size-post-thumbnail wp-post-image\" alt=\"\" \/><\/a>\r\n\t\t\t\t\t\t\t\t\t\t\t\t\t<\/div>\r\n\t\t\t\t\t\t\t\t\t\t\t\t\t\t\t\t\t\t\t\t\t\t\t\t\t<div class=\"client-item\">\r\n\t\t\t\t\t\t\t\t\t\t\t\t\t\t\t<a target=\"_self\" href=\"http:\/\/www.frosio.no\/en\/\"><img loading=\"lazy\" decoding=\"async\" width=\"100\" height=\"71\" src=\"https:\/\/www.mvo.fr\/wp-content\/uploads\/2018\/06\/frosionl-1.jpg\" class=\"attachment-post-thumbnail size-post-thumbnail wp-post-image\" alt=\"\" \/><\/a>\r\n\t\t\t\t\t\t\t\t\t\t\t\t\t<\/div>\r\n\t\t\t\t\t\t\t\t\t\t\t\t\t\t\t\t\t\t\t\t\t\t\t\t\t<div class=\"client-item\">\r\n\t\t\t\t\t\t\t\t\t\t\t\t\t\t\t<a target=\"_self\" href=\"http:\/\/www.acqpa.com\"><img loading=\"lazy\" decoding=\"async\" width=\"100\" height=\"71\" src=\"https:\/\/www.mvo.fr\/wp-content\/uploads\/2015\/07\/acqpa.jpg\" class=\"attachment-post-thumbnail size-post-thumbnail wp-post-image\" alt=\"\" \/><\/a>\r\n\t\t\t\t\t\t\t\t\t\t\t\t\t<\/div>\r\n\t\t\t\t\t\t\t\t\t\t\t\t\t\t\t\t\t\t\t\t\t\t\t\t\t<div class=\"client-item\">\r\n\t\t\t\t\t\t\t\t\t\t\t\t\t\t\t<a target=\"_self\" href=\"http:\/\/www.ohgpi.com\"><img loading=\"lazy\" decoding=\"async\" width=\"100\" height=\"80\" src=\"https:\/\/www.mvo.fr\/wp-content\/uploads\/2022\/11\/OHGPI.jpg\" class=\"attachment-post-thumbnail size-post-thumbnail wp-post-image\" alt=\"\" \/><\/a>\r\n\t\t\t\t\t\t\t\t\t\t\t\t\t<\/div>\r\n\t\t\t\t\t\t\t\t\t\t\t\t\t\t\t\t\t\t\t\t\t\t\t\t\t<div class=\"client-item\">\r\n\t\t\t\t\t\t\t\t\t\t\t\t\t\t\t<a target=\"_self\" href=\"http:\/\/www.frosio.no\/en\/\"><img loading=\"lazy\" decoding=\"async\" width=\"100\" height=\"80\" src=\"https:\/\/www.mvo.fr\/wp-content\/uploads\/2022\/11\/FROSIO.jpg\" class=\"attachment-post-thumbnail size-post-thumbnail wp-post-image\" alt=\"\" \/><\/a>\r\n\t\t\t\t\t\t\t\t\t\t\t\t\t<\/div>\r\n\t\t\t\t\t\t\t\t\t\t\t\t\t\t\t\t\t\t\t\t\t\t\t\t\t<div class=\"client-item\">\r\n\t\t\t\t\t\t\t\t\t\t\t\t\t\t\t<a target=\"_self\" href=\"http:\/\/www.acqpa.com\"><img loading=\"lazy\" decoding=\"async\" width=\"100\" height=\"80\" src=\"https:\/\/www.mvo.fr\/wp-content\/uploads\/2022\/11\/ACQPA.jpg\" class=\"attachment-post-thumbnail size-post-thumbnail wp-post-image\" alt=\"\" \/><\/a>\r\n\t\t\t\t\t\t\t\t\t\t\t\t\t<\/div>\r\n\t\t\t\t\t\t\t\t\t\t\t\t\t<\/div>\t\t\r\n\r\n\t\t\t\t\r\n\r\n\r\n\t<\/div><\/div><\/div><\/div><\/div>","protected":false},"excerpt":{"rendered":"<p>MVO by the numbers Since 1969 Lifting capacity (metric ton) 51 Workshops (square meter) 5200 Square meter treated a year 110000 Services [&hellip;]<\/p>\n","protected":false},"author":1,"featured_media":0,"parent":0,"menu_order":0,"comment_status":"closed","ping_status":"closed","template":"page-templates\/page_front-page.php","meta":{"footnotes":""},"class_list":["post-526","page","type-page","status-publish","hentry"],"_links":{"self":[{"href":"https:\/\/www.mvo.fr\/index.php?rest_route=\/wp\/v2\/pages\/526","targetHints":{"allow":["GET"]}}],"collection":[{"href":"https:\/\/www.mvo.fr\/index.php?rest_route=\/wp\/v2\/pages"}],"about":[{"href":"https:\/\/www.mvo.fr\/index.php?rest_route=\/wp\/v2\/types\/page"}],"author":[{"embeddable":true,"href":"https:\/\/www.mvo.fr\/index.php?rest_route=\/wp\/v2\/users\/1"}],"replies":[{"embeddable":true,"href":"https:\/\/www.mvo.fr\/index.php?rest_route=%2Fwp%2Fv2%2Fcomments&post=526"}],"version-history":[{"count":74,"href":"https:\/\/www.mvo.fr\/index.php?rest_route=\/wp\/v2\/pages\/526\/revisions"}],"predecessor-version":[{"id":1398,"href":"https:\/\/www.mvo.fr\/index.php?rest_route=\/wp\/v2\/pages\/526\/revisions\/1398"}],"wp:attachment":[{"href":"https:\/\/www.mvo.fr\/index.php?rest_route=%2Fwp%2Fv2%2Fmedia&parent=526"}],"curies":[{"name":"wp","href":"https:\/\/api.w.org\/{rel}","templated":true}]}}